1343037
In base 15, what is -e + -39c733?
-39c742
In base 8, what is 6642 - -166612?
175454
In base 12, what is 231812 + 25?
231837
In base 10, what is -265 - 73442?
-73707
In base 7, what is -14022435 - 1325?
-14024063
In base 4, what is 2301031 + -1213101?
1021330
In base 7, what is 0 + 334016150?
334016150
In base 13, what is 5 - 5cc15bc?
-5cc15b7
In base 5, what is -334314240 - 1034?
-334320324
In base 5, what is 10 - 234311344413?
-234311344403
In base 7, what is -32321650 + 25?
-32321622
In base 4, what is -10322 + -102033313?
-102110301
In base 15, what is 1b - 44e6?
-44ca
In base 4, what is -110212 + 312203?
201331
In base 2, what is -1010101 + 11111111110001011111?
11111111110000001010
In base 7, what is 0 - 265416601?
-265416601
In base 15, what is -9849 - b8?
-9912
In base 14, what is -1 + -1cdd8?
-1cdd9
In base 8, what is 6741 + 2253?
11214
In base 14, what is 639908 + c?
639916
In base 6, what is -13203 - 1314105?
-1331312
In base 8, what is 24201324 - 4?
24201320
In base 16, what is 66 + 127d2b?
127d91
In base 11, what is -68493308 + -3?
-68493310
In base 4, what is 10 + -30211201112?
-30211201102
In base 2, what is 10001011000 + -1100011011001?
-1010010000001
In base 11, what is 3 + -142338?
-142335
In base 15, what is -250a + -cd6?
-32e1
In base 12, what is -1 - -4282459?
4282458
In base 9, what is 6154 + 4035?
11200
In base 16, what is -895d05 - -50?
-895cb5
In base 16, what is c + -1258c2?
-1258b6
In base 8, what is -1723 - -1037554?
1035631
In base 14, what is -15 - -1b1817?
1b1802
In base 5, what is -223222 + 20103?
-203114
In base 16, what is -57ea + -b8?
-58a2
In base 10, what is -166923698 - -5?
-166923693
In base 14, what is -2 + -b175361?
-b175363
In base 3, what is 10 - 20200110022100001?
-20200110022022221
In base 10, what is -235 - -221453?
221218
In base 11, what is 38 + -3972a92?
-3972a55
In base 15, what is 21d1 - -393?
2574
In base 6, what is 0 - -114501140?
114501140
In base 14, what is 73 - 5878b2?
-58783d
In base 8, what is 361504031 - 0?
361504031
In base 4, what is 2311101300121 + 1?
2311101300122
In base 14, what is 2d76702 - -1?
2d76703
In base 2, what is 1011000100110011010100 + -1101?
1011000100110011000111
In base 7, what is 36552443003 - 2?
36552443001
In base 3, what is 1021 - 10002102222101?
-10002102221010
In base 14, what is 25c - 361339?
-3610bb
In base 8, what is -110723772 + 5?
-110723765
In base 4, what is 120112323230 - 2?
120112323222
In base 14, what is -704a75 - 5?
-704a7a
In base 7, what is 45526 + 560?
46416
In base 3, what is -122 - 11221210022111?
-11221210100010
In base 8, what is -71563 - 5343?
-77126
In base 15, what is 52774d - -4?
527752
In base 11, what is 3 + -6218161?
-6218159
In base 8, what is 3240101 + 3?
3240104
In base 11, what is -17a323 - 177?
-17a49a
In base 15, what is -2942 + 18607?
15bb5
In base 3, what is 111 - -12000121201120?
12000121202001
In base 2, what is 11 + -110010011110001101000010?
-110010011110001100111111
In base 10, what is -21 - -35912844?
35912823
In base 2, what is -110100101111101111 + -1001111111?
-110100111001101110
In base 9, what is -16720425 + 8?
-16720416
In base 3, what is 22221112200202 - -12?
22221112200221
In base 3, what is 0 + 202122002222002?
202122002222002
In base 6, what is -1504540 + -1112?
-1510052
In base 8, what is -61747631 - 3?
-61747634
In base 7, what is 25 - 10453635?
-10453610
In base 5, what is 220230403 - 24?
220230324
In base 14, what is 973 + 44?
9b7
In base 14, what is -94b - -82303?
81796
In base 13, what is 1c304 - -4441?
23745
In base 4, what is -220122212330 - -13?
-220122212311
In base 15, what is -47b + 46cbd?
46842
In base 7, what is -24422 - -104153?
46431
In base 12, what is 141801b9 + 7?
14180204
In base 14, what is 2 - 288c095?
-288c093
In base 12, what is -5 - -439901?
4398b8
In base 16, what is -a6ded - -8?
-a6de5
In base 3, what is -21002112100 + 111?
-21002111212
In base 15, what is -1276 - -16d?
-1108
In base 9, what is -122381 + -217?
-122608
In base 10, what is -6538318 - 4?
-6538322
In base 7, what is -242663 + -11550?
-254543
In base 15, what is 7d - 1177e?
-11701
In base 2, what is -1011100100011111 + 10100011011111?
-1001000001000000
In base 5, what is 1224430 - -3442?
1233422
In base 8, what is -10117362 - -177?
-10117163
In base 3, what is 22110 + 11121022002?
11121121112
In base 2, what is 111001 + 1111100101101010101?
1111100101110001110
In base 6, what is -250444 + 4554?
-241450
In base 9, what is -682572 - -185?
-682376
In base 10, what is -587654 + 13?
-587641
In base 2, what is -1100101101111101010011010 + 1?
-1100101101111101010011001
In base 4, what is -11 - -303110302120?
303110302103
In base 11, what is 4 + 94aa548?
94aa551
In base 13, what is -6a36898 - 20?
-6a368b8
In base 13, what is -557 + -1135?
-168c
In base 5, what is -4040012 - 1423?
-4041440
In base 15, what is -e6d - -6b?
-e02
In base 10, what is 1174 - 1477?
-303
In base 9, what is 7544111 - 1?
7544110
In base 12, what is -8196 - -6254?
-1b42
In base 13, what is -12537a9 - 5?
-12537b1
In base 9, what is 48552 + -137?
48414
In base 16, what is 13b58 + 163d?
15195
In base 16, what is 1 + 17d904?
17d905
In base 9, what is 365862366 + -2?
365862364
In base 15, what is -999201 + 5?
-9991eb
In base 3, what is 2101211120100 - 2?
2101211120021
In base 13, what is 1343 - 344?
ccc
In base 2, what is -1010101101010101101 - 100111110?
-1010101101111101011
In base 6, what is 1404530 + -5452?
1355034
In base 15, what is -1c0386 - -3?
-1c0383
In base 12, what is ba773 + 4b2?
bb065
In base 9, what is 103176 + -6074?
86102
In base 12, what is -1204 - -5b17?
4913
In base 13, what is -1a13 - 3102?
-4b15
In base 5, what is 203044342 - -3?
203044400
In base 15, what is -4e3aac + 2a?
-4e3a82
In base 6, what is -323250 - -231?
-323015
In base 14, what is 86 - 38376?
-382d0
In base 2, what is 111010001000111111100 + 101011?
111010001001000100111
In base 14, what is 5b - 70302?
-70285
In base 16, what is -1f + 4a41b7?
4a4198
In base 16, what is 0 - -631cc9?
631cc9
In base 2, what is -100001 - 10111000100001010?
-10111000100101011
In base 3, what is 210212110021102 - -101?
210212110021210
In base 2, what is 11110111001 - -10000001110100111010?
10000010010011110011
In base 7, what is 152 + 30011?
30163
In base 3, what is -112211120202201012 + -12?
-112211120202201101
In base 10, what is -495 + -3248?
-3743
In base 3, what is -112021010002112 - -202?
-112021010001210
In base 3, what is 101 - 21011122002200?
-21011122002022
In base 4, what is 0 + 1012310033201?
1012310033201
In base 6, what is 1135420252 - -5?
1135420301
In base 14, what is 4603 - 62d?
3db4
In base 5, what is 2 - 441232100412?
-441232100410
In base 10, what is -9 + 1958194?
1958185
In base 6, what is -55301 + -51440?
-151141
In base 10, what is 5416081 + -12?
5416069
In base 9, what is 14216 + 354?
14571
In base 11, what is -506 + 27612?
27107
In base 14, what is -282080 + -2c?
-2820ac
In base 6, what is -2123042 + 1015?
-2122023
In base 10, what is 1 - -6646245?
6646246
In base 12, what is 1 - -11380bb1?
11380bb2
In base 5, what is -2031234 + 22123?
-2004111
In base 14, what is ab - -42b01?
42bac
In base 15, what is 27d33 - 161b?
26717
In base 12, what is a6 + 17b488?
17b572
In base 10, what is 2 + 31685941?
31685943
In base 5, what is 4031231 + 221?
4032002
In base 7, what is 4 + 403651256?
403651263
In base 16, what is 2 - 743c0?
-743be
In base 16, what is -176 + -424d?
-43c3
In base 8, what is 614 + -34515?
-33701
In base 15, what is -5 + 4d18c0?
4d18ba
In base 6, what is 4451413443 + 11?
4451413454
In base 6, what is 124120143324 + 0?
124120143324
In base 13, what is -3965bc1 + 7?
-3965bb7
In base 12, what is -22 - -1a51940?
1a5191a
In base 15, what is 9c - -ce9a?
d047
In base 3, what is -10 + 1102222100222111?
1102222100222101
In base 12, what is 5 + -5559b46?
-5559b41
In base 11, what is 624350 - -9?
624359
In base 15, what is -18 + 11adbb?
11ada3
In base 13, what is -1c8 + 373?
178
In base 7, what is -16 - 6122030?
-6122046
In base 14, what is -7102 - 4c9?
-75cb
In base 15, what is -1b1 + -41dd?
-439e
In base 4, what is 221231 + 1313232?
2201123
In base 2, what is 11011 + 1101010000001010111?
1101010000001110010
In base 16, what is -2547d + 1e35?
-23648
In base 16, what is